{"id":267,"date":"2024-09-03T13:07:46","date_gmt":"2024-09-03T13:07:46","guid":{"rendered":"https:\/\/miriamferrer.net\/?page_id=267"},"modified":"2025-08-19T17:26:29","modified_gmt":"2025-08-19T17:26:29","slug":"sobre-mi-2","status":"publish","type":"page","link":"https:\/\/miriamferrer.net\/index.php\/sobre-mi-2\/","title":{"rendered":"Sobre Mi"},"content":{"rendered":"\t\t<div data-elementor-type=\"wp-post\" data-elementor-id=\"267\" class=\"elementor elementor-267\" data-elementor-post-type=\"page\">\n\t\t\t\t<div class=\"elementor-element elementor-element-2513988b e-con-full e-flex e-con e-parent\" data-id=\"2513988b\" data-element_type=\"container\" data-settings=\"{&quot;background_background&quot;:&quot;classic&quot;}\">\n\t\t<div class=\"elementor-element elementor-element-4a4998fd e-flex e-con-boxed e-con e-child\" data-id=\"4a4998fd\" data-element_type=\"container\">\n\t\t\t\t\t<div class=\"e-con-inner\">\n\t\t<div class=\"elementor-element elementor-element-73a5ff4f e-con-full e-flex e-con e-child\" data-id=\"73a5ff4f\" data-element_type=\"container\">\n\t\t\t\t<div class=\"elementor-element elementor-element-238a156b elementor-widget elementor-widget-heading\" data-id=\"238a156b\" data-element_type=\"widget\" data-widget_type=\"heading.default\">\n\t\t\t\t<div class=\"elementor-widget-container\">\n\t\t\t\t\t<h2 class=\"elementor-heading-title elementor-size-default\">Miriam Ferrer<\/h2>\t\t\t\t<\/div>\n\t\t\t\t<\/div>\n\t\t\t\t<div class=\"elementor-element elementor-element-6bd9d681 elementor-widget elementor-widget-text-editor\" data-id=\"6bd9d681\" data-element_type=\"widget\" data-widget_type=\"text-editor.default\">\n\t\t\t\t<div class=\"elementor-widget-container\">\n\t\t\t\t\t\t\t\t\t<p>Soy Miriam Ferrer y me dedico a mi gran\u00a0pasi\u00f3n, acompa\u00f1arte hacia la\u00a0autenticidad\u00a0y la\u00a0libertad\u00a0de ser\u00a0tu mismo.<\/p>\t\t\t\t\t\t\t\t<\/div>\n\t\t\t\t<\/div>\n\t\t\t\t<div class=\"elementor-element elementor-element-23fd198 elementor-blockquote--skin-border elementor-widget elementor-widget-blockquote\" data-id=\"23fd198\" data-element_type=\"widget\" data-widget_type=\"blockquote.default\">\n\t\t\t\t<div class=\"elementor-widget-container\">\n\t\t\t\t\t\t\t<blockquote class=\"elementor-blockquote\">\n\t\t\t<p class=\"elementor-blockquote__content\">\n\t\t\t\t\"Yo no soy lo que me sucedi\u00f3. Yo soy lo que eleg\u00ed ser\"\n\n\t\t\t<\/p>\n\t\t\t\t\t\t\t<div class=\"e-q-footer\">\n\t\t\t\t\t\t\t\t\t\t\t<cite class=\"elementor-blockquote__author\">Carl Jung<\/cite>\n\t\t\t\t\t\t\t\t\t\t\t\t\t\t<\/div>\n\t\t\t\t\t<\/blockquote>\n\t\t\t\t\t\t<\/div>\n\t\t\t\t<\/div>\n\t\t\t\t<\/div>\n\t\t\t\t<div class=\"elementor-element elementor-element-63424ce2 elementor-widget__width-initial elementor-widget-mobile__width-inherit elementor-widget elementor-widget-image\" data-id=\"63424ce2\" data-element_type=\"widget\" data-widget_type=\"image.default\">\n\t\t\t\t<div class=\"elementor-widget-container\">\n\t\t\t\t\t\t\t\t\t\t\t\t\t\t\t<img fetchpriority=\"high\" decoding=\"async\" width=\"800\" height=\"428\" src=\"https:\/\/miriamferrer.net\/wp-content\/uploads\/2024\/08\/Miriam-Ferrer-1024x548.png\" class=\"attachment-large size-large wp-image-155\" alt=\"Foto Miriam Ferrer\" srcset=\"https:\/\/miriamferrer.net\/wp-content\/uploads\/2024\/08\/Miriam-Ferrer-1024x548.png 1024w, https:\/\/miriamferrer.net\/wp-content\/uploads\/2024\/08\/Miriam-Ferrer-300x161.png 300w, https:\/\/miriamferrer.net\/wp-content\/uploads\/2024\/08\/Miriam-Ferrer-768x411.png 768w, https:\/\/miriamferrer.net\/wp-content\/uploads\/2024\/08\/Miriam-Ferrer.png 1080w\" sizes=\"(max-width: 800px) 100vw, 800px\" \/>\t\t\t\t\t\t\t\t\t\t\t\t\t\t\t<\/div>\n\t\t\t\t<\/div>\n\t\t\t\t\t<\/div>\n\t\t\t\t<\/div>\n\t\t<div class=\"elementor-element elementor-element-402e570f e-flex e-con-boxed e-con e-child\" data-id=\"402e570f\" data-element_type=\"container\" data-settings=\"{&quot;background_background&quot;:&quot;classic&quot;}\">\n\t\t\t\t\t<div class=\"e-con-inner\">\n\t\t<div class=\"elementor-element elementor-element-60df5c87 e-con-full e-flex e-con e-child\" data-id=\"60df5c87\" data-element_type=\"container\">\n\t\t\t\t<div class=\"elementor-element elementor-element-63d84935 animated-slow elementor-widget-divider--view-line elementor-invisible elementor-widget elementor-widget-divider\" data-id=\"63d84935\" data-element_type=\"widget\" data-settings=\"{&quot;_animation&quot;:&quot;fadeIn&quot;,&quot;_animation_delay&quot;:&quot;200&quot;}\" data-widget_type=\"divider.default\">\n\t\t\t\t<div class=\"elementor-widget-container\">\n\t\t\t\t\t\t\t<div class=\"elementor-divider\">\n\t\t\t<span class=\"elementor-divider-separator\">\n\t\t\t\t\t\t<\/span>\n\t\t<\/div>\n\t\t\t\t\t\t<\/div>\n\t\t\t\t<\/div>\n\t\t\t\t<div class=\"elementor-element elementor-element-726754e5 elementor-invisible elementor-widget elementor-widget-icon-box\" data-id=\"726754e5\" data-element_type=\"widget\" data-settings=\"{&quot;_animation&quot;:&quot;fadeInUp&quot;}\" data-widget_type=\"icon-box.default\">\n\t\t\t\t<div class=\"elementor-widget-container\">\n\t\t\t\t\t\t\t<div class=\"elementor-icon-box-wrapper\">\n\n\t\t\t\n\t\t\t\t\t\t<div class=\"elementor-icon-box-content\">\n\n\t\t\t\t\t\t\t\t\t<h3 class=\"elementor-icon-box-title\">\n\t\t\t\t\t\t<span  >\n\t\t\t\t\t\t\t\u00bfPor qu\u00e9 yo?\t\t\t\t\t\t<\/span>\n\t\t\t\t\t<\/h3>\n\t\t\t\t\n\t\t\t\t\t\t\t\t\t<p class=\"elementor-icon-box-description\">\n\t\t\t\t\t\tComo Licenciada en Psicolog\u00eda por la UAB (n\u00famero de colegiada 26924) y como Terapeuta Gestalt, por la Escuela StudioGestalt, te ofrezco mi estilo natural, espont\u00e1neo, amoroso y de experiencia de m\u00e1s de veinticinco a\u00f1os trabajando atendiendo al cliente.<br>\nAdem\u00e1s de cursar &nbsp;Terapia Gestalt, tanto para Adultos como para Infantil y Adolescencia, estoy formada por el Cercle TCI Barcelona en&nbsp;Sexualidad Integrativa.\t\t\t\t\t<\/p>\n\t\t\t\t\n\t\t\t<\/div>\n\t\t\t\n\t\t<\/div>\n\t\t\t\t\t\t<\/div>\n\t\t\t\t<\/div>\n\t\t\t\t<\/div>\n\t\t<div class=\"elementor-element elementor-element-679cab45 e-con-full e-flex e-con e-child\" data-id=\"679cab45\" data-element_type=\"container\">\n\t\t\t\t<div class=\"elementor-element elementor-element-3f09fd0c animated-slow elementor-widget-divider--view-line elementor-invisible elementor-widget elementor-widget-divider\" data-id=\"3f09fd0c\" data-element_type=\"widget\" data-settings=\"{&quot;_animation&quot;:&quot;fadeIn&quot;,&quot;_animation_delay&quot;:&quot;200&quot;}\" data-widget_type=\"divider.default\">\n\t\t\t\t<div class=\"elementor-widget-container\">\n\t\t\t\t\t\t\t<div class=\"elementor-divider\">\n\t\t\t<span class=\"elementor-divider-separator\">\n\t\t\t\t\t\t<\/span>\n\t\t<\/div>\n\t\t\t\t\t\t<\/div>\n\t\t\t\t<\/div>\n\t\t\t\t<div class=\"elementor-element elementor-element-4490d4ed elementor-invisible elementor-widget elementor-widget-icon-box\" data-id=\"4490d4ed\" data-element_type=\"widget\" data-settings=\"{&quot;_animation&quot;:&quot;fadeInUp&quot;,&quot;_animation_delay&quot;:&quot;200&quot;}\" data-widget_type=\"icon-box.default\">\n\t\t\t\t<div class=\"elementor-widget-container\">\n\t\t\t\t\t\t\t<div class=\"elementor-icon-box-wrapper\">\n\n\t\t\t\n\t\t\t\t\t\t<div class=\"elementor-icon-box-content\">\n\n\t\t\t\t\t\t\t\t\t<h3 class=\"elementor-icon-box-title\">\n\t\t\t\t\t\t<span  >\n\t\t\t\t\t\t\t\u00bfC\u00f3mo puedo hacerlo?\t\t\t\t\t\t<\/span>\n\t\t\t\t\t<\/h3>\n\t\t\t\t\n\t\t\t\t\t\t\t\t\t<p class=\"elementor-icon-box-description\">\n\t\t\t\t\t\tSoy consciente de que pocas personas entienden c\u00f3mo te encuentras. Desde fuera puede verse f\u00e1cil y r\u00e1pido, y por muchos consejos u opiniones que recibas, a veces sientes que no puedes avanzar.\n\nY es que el camino hacia el bienestar emocional para cada uno es distinto, y conseguir salir de la situaci\u00f3n en la que te encuentras es un reto personal.\t\t\t\t\t<\/p>\n\t\t\t\t\n\t\t\t<\/div>\n\t\t\t\n\t\t<\/div>\n\t\t\t\t\t\t<\/div>\n\t\t\t\t<\/div>\n\t\t\t\t<\/div>\n\t\t<div class=\"elementor-element elementor-element-3de0ce52 e-con-full e-flex e-con e-child\" data-id=\"3de0ce52\" data-element_type=\"container\">\n\t\t\t\t<div class=\"elementor-element elementor-element-34fbb041 animated-slow elementor-widget-divider--view-line elementor-invisible elementor-widget elementor-widget-divider\" data-id=\"34fbb041\" data-element_type=\"widget\" data-settings=\"{&quot;_animation&quot;:&quot;fadeIn&quot;,&quot;_animation_delay&quot;:&quot;200&quot;}\" data-widget_type=\"divider.default\">\n\t\t\t\t<div class=\"elementor-widget-container\">\n\t\t\t\t\t\t\t<div class=\"elementor-divider\">\n\t\t\t<span class=\"elementor-divider-separator\">\n\t\t\t\t\t\t<\/span>\n\t\t<\/div>\n\t\t\t\t\t\t<\/div>\n\t\t\t\t<\/div>\n\t\t\t\t<div class=\"elementor-element elementor-element-7a77f0e0 elementor-invisible elementor-widget elementor-widget-icon-box\" data-id=\"7a77f0e0\" data-element_type=\"widget\" data-settings=\"{&quot;_animation&quot;:&quot;fadeInUp&quot;,&quot;_animation_delay&quot;:&quot;400&quot;}\" data-widget_type=\"icon-box.default\">\n\t\t\t\t<div class=\"elementor-widget-container\">\n\t\t\t\t\t\t\t<div class=\"elementor-icon-box-wrapper\">\n\n\t\t\t\n\t\t\t\t\t\t<div class=\"elementor-icon-box-content\">\n\n\t\t\t\t\t\t\t\t\t<h3 class=\"elementor-icon-box-title\">\n\t\t\t\t\t\t<span  >\n\t\t\t\t\t\t\t\u00bfC\u00f3mo es venir a mi consulta?\t\t\t\t\t\t<\/span>\n\t\t\t\t\t<\/h3>\n\t\t\t\t\n\t\t\t\t\t\t\t\t\t<p class=\"elementor-icon-box-description\">\n\t\t\t\t\t\tAgradezco por encima de todo la confianza depositada en mi. Cuando empec\u00e9 hace tiempo mi propio proceso terap\u00e9utico, fue importante sentir que pod\u00eda abrirme sin temor a ser juzgada.<br>\nAnte todo, priorizo el recibirte en un espacio en el que te sientas acogidx y comprendidx en todo momento, siempre con respeto, honestidad y cercan\u00eda.<br>\nEs muy importante que sientas que conectas conmigo y que en nuestra relaci\u00f3n puedes ser T\u00da mismx en todo momento.\nJuntxs trabajaremos los pensamientos, las emociones y las maneras de actuar que limitan tu vida y que te mantienen ancladx en el pasado y en la inseguridad.\nAdem\u00e1s, pondremos consciencia en tu cuerpo para observar los s\u00edntomas que en \u00e9l se manifiestan, aprendiendo a escucharlo y aceptarlo.\nPondremos l\u00edmites que no quieres en tu vida y aprender\u00e1s a desarrollar estrategias de autocuidado que te permitan dejar de tratarte con desprecio, para conseguir conciliarte contigo mismo y brillar con tu propia luz.\t\t\t\t\t<\/p>\n\t\t\t\t\n\t\t\t<\/div>\n\t\t\t\n\t\t<\/div>\n\t\t\t\t\t\t<\/div>\n\t\t\t\t<\/div>\n\t\t\t\t<\/div>\n\t\t\t\t\t<\/div>\n\t\t\t\t<\/div>\n\t\t\t\t<\/div>\n\t\t\t\t<\/div>\n\t\t","protected":false},"excerpt":{"rendered":"<p>Miriam Ferrer Soy Miriam Ferrer y me dedico a mi gran\u00a0pasi\u00f3n, acompa\u00f1arte hacia la\u00a0autenticidad\u00a0y la\u00a0libertad\u00a0de ser\u00a0tu mismo. \u00abYo no soy lo que me sucedi\u00f3. Yo soy lo que eleg\u00ed ser\u00bb Carl Jung \u00bfPor qu\u00e9 yo? Como Licenciada en Psicolog\u00eda por la UAB (n\u00famero de colegiada 26924) y como Terapeuta Gestalt, por la Escuela StudioGestalt, te [&hellip;]<\/p>\n","protected":false},"author":1,"featured_media":0,"parent":0,"menu_order":0,"comment_status":"closed","ping_status":"closed","template":"elementor_header_footer","meta":{"iawp_total_views":134,"footnotes":""},"class_list":["post-267","page","type-page","status-publish","hentry"],"_links":{"self":[{"href":"https:\/\/miriamferrer.net\/index.php\/wp-json\/wp\/v2\/pages\/267","targetHints":{"allow":["GET"]}}],"collection":[{"href":"https:\/\/miriamferrer.net\/index.php\/wp-json\/wp\/v2\/pages"}],"about":[{"href":"https:\/\/miriamferrer.net\/index.php\/wp-json\/wp\/v2\/types\/page"}],"author":[{"embeddable":true,"href":"https:\/\/miriamferrer.net\/index.php\/wp-json\/wp\/v2\/users\/1"}],"replies":[{"embeddable":true,"href":"https:\/\/miriamferrer.net\/index.php\/wp-json\/wp\/v2\/comments?post=267"}],"version-history":[{"count":13,"href":"https:\/\/miriamferrer.net\/index.php\/wp-json\/wp\/v2\/pages\/267\/revisions"}],"predecessor-version":[{"id":475,"href":"https:\/\/miriamferrer.net\/index.php\/wp-json\/wp\/v2\/pages\/267\/revisions\/475"}],"wp:attachment":[{"href":"https:\/\/miriamferrer.net\/index.php\/wp-json\/wp\/v2\/media?parent=267"}],"curies":[{"name":"wp","href":"https:\/\/api.w.org\/{rel}","templated":true}]}}

<div data-elementor-type="wp-post" data-elementor-id="267" class="elementor elementor-267" data-elementor-post-type="page">
				<div class="elementor-element elementor-element-2513988b e-con-full e-flex e-con e-parent" data-id="2513988b" data-element_type="container" data-settings="{&quot;background_background&quot;:&quot;classic&quot;}">
		<div class="elementor-element elementor-element-4a4998fd e-flex e-con-boxed e-con e-child" data-id="4a4998fd" data-element_type="container">
					<div class="e-con-inner">
		<div class="elementor-element elementor-element-73a5ff4f e-con-full e-flex e-con e-child" data-id="73a5ff4f" data-element_type="container">
				<div class="elementor-element elementor-element-238a156b elementor-widget elementor-widget-heading" data-id="238a156b" data-element_type="widget" data-widget_type="heading.default">
				<div class="elementor-widget-container">
					<h2 class="elementor-heading-title elementor-size-default">Miriam Ferrer</h2>				</div>
				</div>
				<div class="elementor-element elementor-element-6bd9d681 elementor-widget elementor-widget-text-editor" data-id="6bd9d681" data-element_type="widget" data-widget_type="text-editor.default">
				<div class="elementor-widget-container">
									<p>Soy Miriam Ferrer y me dedico a mi gran pasión, acompañarte hacia la autenticidad y la libertad de ser tu mismo.</p>								</div>
				</div>
				<div class="elementor-element elementor-element-23fd198 elementor-blockquote--skin-border elementor-widget elementor-widget-blockquote" data-id="23fd198" data-element_type="widget" data-widget_type="blockquote.default">
				<div class="elementor-widget-container">
							<blockquote class="elementor-blockquote">
			<p class="elementor-blockquote__content">
				"Yo no soy lo que me sucedió. Yo soy lo que elegí ser"

			</p>
							<div class="e-q-footer">
											<cite class="elementor-blockquote__author">Carl Jung</cite>
														</div>
					</blockquote>
						</div>
				</div>
				</div>
				<div class="elementor-element elementor-element-63424ce2 elementor-widget__width-initial elementor-widget-mobile__width-inherit elementor-widget elementor-widget-image" data-id="63424ce2" data-element_type="widget" data-widget_type="image.default">
				<div class="elementor-widget-container">
															<img fetchpriority="high" decoding="async" width="800" height="428" src="https://miriamferrer.net/wp-content/uploads/2024/08/Miriam-Ferrer-1024x548.png" class="attachment-large size-large wp-image-155" alt="Foto Miriam Ferrer" srcset="https://miriamferrer.net/wp-content/uploads/2024/08/Miriam-Ferrer-1024x548.png 1024w, https://miriamferrer.net/wp-content/uploads/2024/08/Miriam-Ferrer-300x161.png 300w, https://miriamferrer.net/wp-content/uploads/2024/08/Miriam-Ferrer-768x411.png 768w, https://miriamferrer.net/wp-content/uploads/2024/08/Miriam-Ferrer.png 1080w" sizes="(max-width: 800px) 100vw, 800px" />															</div>
				</div>
					</div>
				</div>
		<div class="elementor-element elementor-element-402e570f e-flex e-con-boxed e-con e-child" data-id="402e570f" data-element_type="container" data-settings="{&quot;background_background&quot;:&quot;classic&quot;}">
					<div class="e-con-inner">
		<div class="elementor-element elementor-element-60df5c87 e-con-full e-flex e-con e-child" data-id="60df5c87" data-element_type="container">
				<div class="elementor-element elementor-element-63d84935 animated-slow elementor-widget-divider--view-line elementor-invisible elementor-widget elementor-widget-divider" data-id="63d84935" data-element_type="widget" data-settings="{&quot;_animation&quot;:&quot;fadeIn&quot;,&quot;_animation_delay&quot;:&quot;200&quot;}" data-widget_type="divider.default">
				<div class="elementor-widget-container">
							<div class="elementor-divider">
			<span class="elementor-divider-separator">
						</span>
		</div>
						</div>
				</div>
				<div class="elementor-element elementor-element-726754e5 elementor-invisible elementor-widget elementor-widget-icon-box" data-id="726754e5" data-element_type="widget" data-settings="{&quot;_animation&quot;:&quot;fadeInUp&quot;}" data-widget_type="icon-box.default">
				<div class="elementor-widget-container">
							<div class="elementor-icon-box-wrapper">

			
						<div class="elementor-icon-box-content">

									<h3 class="elementor-icon-box-title">
						<span  >
							¿Por qué yo?						</span>
					</h3>
				
									<p class="elementor-icon-box-description">
						Como Licenciada en Psicología por la UAB (número de colegiada 26924) y como Terapeuta Gestalt, por la Escuela StudioGestalt, te ofrezco mi estilo natural, espontáneo, amoroso y de experiencia de más de veinticinco años trabajando atendiendo al cliente.<br>
Además de cursar &nbsp;Terapia Gestalt, tanto para Adultos como para Infantil y Adolescencia, estoy formada por el Cercle TCI Barcelona en&nbsp;Sexualidad Integrativa.					</p>
				
			</div>
			
		</div>
						</div>
				</div>
				</div>
		<div class="elementor-element elementor-element-679cab45 e-con-full e-flex e-con e-child" data-id="679cab45" data-element_type="container">
				<div class="elementor-element elementor-element-3f09fd0c animated-slow elementor-widget-divider--view-line elementor-invisible elementor-widget elementor-widget-divider" data-id="3f09fd0c" data-element_type="widget" data-settings="{&quot;_animation&quot;:&quot;fadeIn&quot;,&quot;_animation_delay&quot;:&quot;200&quot;}" data-widget_type="divider.default">
				<div class="elementor-widget-container">
							<div class="elementor-divider">
			<span class="elementor-divider-separator">
						</span>
		</div>
						</div>
				</div>
				<div class="elementor-element elementor-element-4490d4ed elementor-invisible elementor-widget elementor-widget-icon-box" data-id="4490d4ed" data-element_type="widget" data-settings="{&quot;_animation&quot;:&quot;fadeInUp&quot;,&quot;_animation_delay&quot;:&quot;200&quot;}" data-widget_type="icon-box.default">
				<div class="elementor-widget-container">
							<div class="elementor-icon-box-wrapper">

			
						<div class="elementor-icon-box-content">

									<h3 class="elementor-icon-box-title">
						<span  >
							¿Cómo puedo hacerlo?						</span>
					</h3>
				
									<p class="elementor-icon-box-description">
						Soy consciente de que pocas personas entienden cómo te encuentras. Desde fuera puede verse fácil y rápido, y por muchos consejos u opiniones que recibas, a veces sientes que no puedes avanzar.

Y es que el camino hacia el bienestar emocional para cada uno es distinto, y conseguir salir de la situación en la que te encuentras es un reto personal.					</p>
				
			</div>
			
		</div>
						</div>
				</div>
				</div>
		<div class="elementor-element elementor-element-3de0ce52 e-con-full e-flex e-con e-child" data-id="3de0ce52" data-element_type="container">
				<div class="elementor-element elementor-element-34fbb041 animated-slow elementor-widget-divider--view-line elementor-invisible elementor-widget elementor-widget-divider" data-id="34fbb041" data-element_type="widget" data-settings="{&quot;_animation&quot;:&quot;fadeIn&quot;,&quot;_animation_delay&quot;:&quot;200&quot;}" data-widget_type="divider.default">
				<div class="elementor-widget-container">
							<div class="elementor-divider">
			<span class="elementor-divider-separator">
						</span>
		</div>
						</div>
				</div>
				<div class="elementor-element elementor-element-7a77f0e0 elementor-invisible elementor-widget elementor-widget-icon-box" data-id="7a77f0e0" data-element_type="widget" data-settings="{&quot;_animation&quot;:&quot;fadeInUp&quot;,&quot;_animation_delay&quot;:&quot;400&quot;}" data-widget_type="icon-box.default">
				<div class="elementor-widget-container">
							<div class="elementor-icon-box-wrapper">

			
						<div class="elementor-icon-box-content">

									<h3 class="elementor-icon-box-title">
						<span  >
							¿Cómo es venir a mi consulta?						</span>
					</h3>
				
									<p class="elementor-icon-box-description">
						Agradezco por encima de todo la confianza depositada en mi. Cuando empecé hace tiempo mi propio proceso terapéutico, fue importante sentir que podía abrirme sin temor a ser juzgada.<br>
Ante todo, priorizo el recibirte en un espacio en el que te sientas acogidx y comprendidx en todo momento, siempre con respeto, honestidad y cercanía.<br>
Es muy importante que sientas que conectas conmigo y que en nuestra relación puedes ser TÚ mismx en todo momento.
Juntxs trabajaremos los pensamientos, las emociones y las maneras de actuar que limitan tu vida y que te mantienen ancladx en el pasado y en la inseguridad.
Además, pondremos consciencia en tu cuerpo para observar los síntomas que en él se manifiestan, aprendiendo a escucharlo y aceptarlo.
Pondremos límites que no quieres en tu vida y aprenderás a desarrollar estrategias de autocuidado que te permitan dejar de tratarte con desprecio, para conseguir conciliarte contigo mismo y brillar con tu propia luz.					</p>
				
			</div>
			
		</div>
						</div>
				</div>
				</div>
					</div>
				</div>
				</div>
				</div>

<p>Miriam Ferrer Soy Miriam Ferrer y me dedico a mi gran pasión, acompañarte hacia la autenticidad y la libertad de ser tu mismo. «Yo no soy lo que me sucedió. Yo soy lo que elegí ser» Carl Jung ¿Por qué yo? Como Licenciada en Psicología por la UAB (número de colegiada 26924) y como Terapeuta Gestalt, por la Escuela StudioGestalt, te [&hellip;]</p>
